132470 a multiple of 68?
False
Is 3244417 a multiple of 317?
False
Is 14 a factor of 98793?
False
Does 129 divide 44118?
True
Is 46 a factor of 122582?
False
Does 12 divide 909835?
False
Is 634642 a multiple of 243?
False
Is 3 a factor of 404252?
False
Is 13893 a multiple of 33?
True
Is 1117003 a multiple of 11?
False
Is 55826 a multiple of 102?
False
Is 4 a factor of 671991?
False
Is 49 a factor of 1779484?
True
Does 54 divide 181938?
False
Is 44 a factor of 561572?
True
Does 26 divide 329244?
False
Is 345 a factor of 1021975?
False
Does 22 divide 2004222?
True
Is 482775 a multiple of 785?
True
Is 188964 a multiple of 18?
True
Is 55 a factor of 1130570?
False
Does 19 divide 2031966?
False
Does 844 divide 1475312?
True
Is 495 a factor of 4002570?
True
Is 1737302 a multiple of 7?
True
Is 16320708 a multiple of 1058?
True
Is 39 a factor of 73827?
True
Is 20 a factor of 1950001?
False
Does 25 divide 531615?
False
Is 5360087 a multiple of 1278?
False
Does 253 divide 1164306?
True
Does 48 divide 99456?
True
Does 213 divide 36181?
False
Does 25 divide 179500?
True
Is 55 a factor of 192940?
True
Does 253 divide 193292?
True
Is 539 a multiple of 11?
True
Does 11 divide 66924?
True
Does 15 divide 2554382?
False
Is 250 a factor of 796734?
False
Is 13 a factor of 39480?
False
Is 174 a factor of 215934?
True
Is 2984339 a multiple of 912?
False
Is 5859567 a multiple of 1323?
True
Is 675355 a multiple of 3?
False
Is 13 a factor of 7591919?
False
Does 50 divide 487281?
False
Is 2212056 a multiple of 594?
True
Is 19440 a multiple of 30?
True
Is 77 a factor of 429583?
True
Does 21 divide 409024?
False
Does 143 divide 138138?
True
Is 17 a factor of 11851295?
True
Does 272 divide 279616?
True
Is 175 a factor of 464480?
False
Is 61 a factor of 18605?
True
Is 9589050 a multiple of 90?
True
Is 172 a factor of 3294832?
True
Is 5 a factor of 695785?
True
Does 21 divide 128583?
True
Is 104 a factor of 2118272?
True
Does 122 divide 1246352?
True
Is 1157544 a multiple of 181?
False
Is 33 a factor of 406536?
False
Is 405 a factor of 522450?
True
Is 149 a factor of 4607864?
False
Is 15664668 a multiple of 12?
True
Is 9 a factor of 68011?
False
Is 7 a factor of 1268143?
False
Does 412 divide 2284128?
True
Is 9395342 a multiple of 6?
False
Does 14 divide 734964?
False
Does 305 divide 3948964?
False
Does 886 divide 6727398?
True
Is 217743 a multiple of 543?
True
Is 33 a factor of 5111205?
True
Is 8883535 a multiple of 89?
True
Is 68085 a multiple of 267?
True
Is 132 a factor of 2102760?
True
Is 1422148 a multiple of 7?
True
Is 4 a factor of 2002492?
True
Is 279 a factor of 334551?
False
Is 11 a factor of 1344310?
True
Does 141 divide 355975?
False
Is 49 a factor of 6818850?
False
Is 394824 a multiple of 3?
True
Does 134 divide 84764?
False
Is 153120 a multiple of 33?
True
Is 160 a factor of 76119?
False
Is 471847 a multiple of 30?
False
Is 3969732 a multiple of 217?
False
Is 1745980 a multiple of 111?
False
Does 37 divide 2262772?
True
Is 4955305 a multiple of 14?
False
Is 132 a factor of 62436?
True
Does 4 divide 506443?
False
Is 4134754 a multiple of 17?
False
Is 10 a factor of 155670?
True
Is 18 a factor of 25763?
False
Is 56 a factor of 100520?
True
Is 3003056 a multiple of 112?
True
Does 43 divide 10526529?
True
Does 25 divide 397600?
True
Is 1295663 a multiple of 23?
False
Is 4 a factor of 881863?
False
Is 13680 a multiple of 95?
True
Is 494 a factor of 318136?
True
Is 400 a factor of 161481?
False
Does 4 divide 158064?
True
Is 427 a factor of 5514559?
False
Is 81928 a multiple of 49?
True
Does 29 divide 437832?
False
Is 259987 a multiple of 91?
True
Does 10 divide 3274370?
True
Is 14534 a multiple of 3?
False
Is 392 a factor of 23426?
False
Does 9 divide 64523?
False
Is 1068810 a multiple of 427?
False
Does 6 divide 352956?
True
Is 12920789 a multiple of 73?
False
Does 56 divide 27440?
True
Is 6 a factor of 4752?
True
Does 14 divide 260286?
False
Does 512 divide 363008?
True
Is 53631 a multiple of 31?
False
Does 8 divide 4160?
True
Does 529 divide 6342?
False
Is 1415821 a multiple of 151?
False
Is 30816 a multiple of 321?
True
Is 51363 a multiple of 117?
True
Does 72 divide 20377?
False
Is 2 a factor of 323102?
True
Is 160591 a multiple of 11?
False
Does 36 divide 676332?
True
Is 47 a factor of 287621?
False
Is 1965687 a multiple of 3?
True
Is 6 a factor of 1078410?
True
Is 2276544 a multiple of 167?
True
Does 144 divide 1194368?
False
Does 10 divide 57490?
True
Is 6561520 a multiple of 56?
True
Is 304848 a multiple of 25?
False
Is 206 a factor of 316179?
False
Is 3296813 a multiple of 24?
False
Is 21 a factor of 225603?
True
Is 335 a factor of 1391590?
True
Is 17 a factor of 1854649?
True
Is 2759832 a multiple of 81?
True
Is 30 a factor of 95917?
False
Is 359 a factor of 3557661?
False
Does 40 divide 3365791?
False
Is 5 a factor of 1053241?
False
Is 156819 a multiple of 11?
False
Is 13 a factor of 15470?
True
Is 282588 a multiple of 38?
False
Is 27 a factor of 2467503?
True
Is 891 a factor of 827925?
False
Is 226 a factor of 10037987?
False
Is 61178 even?
True
Is 10485470 a multiple of 23?
True
Is 25 a factor of 24475?
True
Is 150 a factor of 331650?
True
Is 224 a factor of 375200?
True
Does 45 divide 75452?
False
Is 36 a factor of 146994?
False
Is 67297 a multiple of 173?
True
Is 178776 a multiple of 36?
True
Is 8624 a multiple of 112?
True
Does 28 divide 5579952?
True
Is 29484 a multiple of 117?
True
Is 1906457 a multiple of 124?
False
Does 13 divide 1209276?
False
Is 4576896 a multiple of 261?
True
Does 6 divide 21610?
False
Is 2192085 a multiple of 971?
False
Does 51 divide 297484?
False
Does 122 divide 1435818?
True
Is 113128 a multiple of 200?
False
Is 8072420 a multiple of 20?
True
Is 107 a factor of 3820685?
False
Is 49870 a multiple of 10?
True
Does 113 divide 367512?
False
Is 1129654 a multiple of 409?
False
Does 133 divide 870316?
False
Is 3 a factor of 4540187?
False
Does 14 divide 156674?
True
Is 1827262 a multiple of 446?
True
Does 14 divide 56565?
False
Is 379 a factor of 2429011?
True
Is 245 a factor of 20070544?
False
Is 19354264 a multiple of 47?
False
Is 2 a factor of 1073583?
False
Is 17 a factor of 708916?
False
Is 5 a factor of 129590?
True
Is 66 a factor of 45226?
False
Does 31 divide 1799488?
True
Is 45502 a multiple of 17?
False
Does 89 divide 220150?
False
Is 311328 a multiple of 12?
True
Does 12 divide 13685424?
True
Is 2074551 a multiple of 31?
True
Is 24 a factor of 5274803?
False
Does 11 divide 155689?
False
Is 16 a factor of 292096?
True
Does 51 divide 40443?
True
Is 8396 a multiple of 76?
False
Is 8 a factor of 6266557?
False
Is 5169658 a multiple of 13?
True
Is 3767426 a multiple of 13?
True
Is 2547339 a multiple of 111?
True
Is 190276 even?
True
Is 1438 a factor of 3040244?
False
Does 70 divide 851620?
True
Is 332 a factor of 134422?
False
Is 3 a factor of 1193067?
True
Is 176 a factor of 629200?
True
Is 140 a factor of 238691?
False
Is 48 a factor of 50733?
False
Does 7 divide 707479?
False
Does 50 divide 35250?
True
Is 3 a factor of 1491141?
True
Does 124 divide 27666?
False
Is 16 a factor of 1301350?
False
Does 47 divide 493371?
False
Is 86 a factor of 398578?
False
Is 6 a factor of 464224?
False
Does 25 divide 2012200?
True
Is 197964 a multiple of 141?
True
Is 354861 a multiple of 39?
True
Is 52 a factor of 1057368?
True
Is 1740571 a multiple of 133?
True
Is 54 a factor of 35802?
True
Is 20 a factor of 4598033?
False
Does 415 divide 4191500?
True
Does 39 divide 593970?
True
Is 333717 a multiple of 17?
False
Does 64 divide 4053109?
False
Is 2 a factor of 46132?
True
Is 10490139 a multiple of 99?
True
Is 198 a factor of 1468182?
False
Does 11 divide 19555172?
False
Is 55 a factor of 10012970?
True
Is 44224 a multiple of 14?
False
Does 252 divide 22525776?
True
Does 10 divide 3748657?
False
Is 291384 a multiple of 152?
True
Is 2233224 a multiple of 126?
True
Is 884368 a multiple of 8?
True
Is 995859 a multiple of 22?
False
Is 160 a factor of 1370880?
True
Is 565852 a multiple of 12?
False
Is 7 a factor of 2260356?
True
Does 14 divide 219220?
False
Does 84 divide 19068?
True
Is 16 a factor of 4331472?
True
Is 17 a factor of 187068?
True
Is 14 a factor of 63196?
True
Is 652115 a multiple of 72?
False
Is 264449 a multiple of 156?
